{"id":3,"date":"2022-01-13T10:36:05","date_gmt":"2022-01-13T13:36:05","guid":{"rendered":"https:\/\/ipfibra.com.br\/site\/?page_id=3"},"modified":"2023-08-03T18:12:12","modified_gmt":"2023-08-03T21:12:12","slug":"politica-de-privacidade","status":"publish","type":"page","link":"https:\/\/ipfibra.com.br\/site\/politica-de-privacidade\/","title":{"rendered":"Pol\u00edtica de privacidade"},"content":{"rendered":"\n<p>LEIA ATENTAMENTE O TERMO A SEGUIR:<\/p>\n\n\n\n<p>Termos de Uso e Pol\u00edtica de Privacidade.<\/p>\n\n\n\n<p>A IPFIBRA TELECOMUNICA\u00c7\u00d5ES \u2013 EIRELI assente com a relev\u00e2ncia e a necessidade de resguardar a privacidade dos dados pessoais e, presando pela defer\u00eancia \u00e0 Lei Geral de Prote\u00e7\u00e3o de Dados Pessoais \u2013 LGPD, a empresa institui esta Pol\u00edtica de Privacidade com o intuito de disciplinar as pr\u00e1ticas adotadas quanto aos dados coletados em formul\u00e1rios impressos ou digitais por meio do website, colaboradores, prestadores de servi\u00e7o intr\u00ednseco \u00e0 IPFIBRA TELECOMUNICA\u00c7\u00d5ES \u2013 EIRELI.<\/p>\n\n\n\n<p>Ao fornecer os seus dados pessoais \u00e0 IPFIBRA TELECOMUNICA\u00c7\u00d5ES \u2013 EIRELI, voc\u00ea aceita os termos e condi\u00e7\u00f5es insculpidas nesta Pol\u00edtica de Privacidade e Seguran\u00e7a.Assim, os objetivos deste documento s\u00e3o:<\/p>\n\n\n\n<p>A \u2013 Dados pessoais: s\u00e3o relativos a informa\u00e7\u00f5es gen\u00e9ricas, como nome, idade RG, CPF, localiza\u00e7\u00e3o geogr\u00e1fica;<\/p>\n\n\n\n<p>B \u2013 Dados sens\u00edveis: s\u00e3o informa\u00e7\u00f5es mais subjetivas, como ideologias partid\u00e1rias, religi\u00e3o, dados gen\u00e9ticos, orienta\u00e7\u00e3o sexual, prefer\u00eancias;<\/p>\n\n\n\n<p>C \u2013 Dados an\u00f4nimos: s\u00e3o aqueles que um titular n\u00e3o pode ser identificado;<\/p>\n\n\n\n<p>D \u2013 Tratamento: qualquer tipo de opera\u00e7\u00e3o realizada com os dados dos usu\u00e1rios.<\/p>\n\n\n\n<p>1. Legisla\u00e7\u00e3o Aplic\u00e1vel<\/p>\n\n\n\n<p>1.1. A IPFIBRA TELECOMUNICA\u00c7\u00d5ES \u2013 EIRELI utilizar\u00e1 os dados coletados e recebidos de seus respectivos usu\u00e1rios de maneira respons\u00e1vel e segura, em respeito \u00e0s legisla\u00e7\u00f5es aplic\u00e1veis, em especial as:<\/p>\n\n\n\n<p>a) A Lei 12.965\/2014 (\u201cMarco Civil da Internet\u201d) e suas altera\u00e7\u00f5es futuras;<\/p>\n\n\n\n<p>b) A Lei 13.709\/2018 (\u201cLei Geral de Prote\u00e7\u00e3o de Dados \u2013 LGPD\u201d), que alterou disposi\u00e7\u00f5es do Marco Civil;c) A Medida Provis\u00f3ria 869\/18, a qual criou a \u201cAutoridade Nacional de Prote\u00e7\u00e3o de Dados \u2013 ANPD\u201d e o Conselho Nacional de Prote\u00e7\u00e3o de Dados Pessoais e da Privacidade.<\/p>\n\n\n\n<p>2. Condi\u00e7\u00e3o de Aceite<\/p>\n\n\n\n<p>2.1. Ao acessar como visitante o Data Center IPFIBRA TELECOMUNICA\u00c7\u00d5ES \u2013 EIRELI, o visitante est\u00e1 concordando com estes \u201cTermos de Uso e Pol\u00edtica de Privacidade\u201d, de forma que a visita\u00e7\u00e3o em nosso Data Center representa sua integral e incondicional aceita\u00e7\u00e3o a este Instrumentos e suas condi\u00e7\u00f5es.<\/p>\n\n\n\n<p>3. Atividades a partir da coleta de dados<\/p>\n\n\n\n<p>3.1. Ao coletar os seus dados pessoais, como: nome, e-mail e telefone, a IPFIBRA TELECOMUNICA\u00c7\u00d5ES -EIRELI objetiva-se a identifica\u00e7\u00e3o do visitante para um futuro contato, parceria ou envio de informativos.<\/p>\n\n\n\n<p>3.2. Tamb\u00e9m \u00e9 poss\u00edvel o tratamento de seus dados para lhe prestar servi\u00e7os, possibilitar a sua vincula\u00e7\u00e3o a comit\u00eas de estudo, enviar atualiza\u00e7\u00f5es sobre tem\u00e1ticas inerentes ao mercado como (not\u00edcias, eventos, cursos e informa\u00e7\u00f5es sobre parcerias com outras empresas), possibilitar respostas \u00e0s suas consultas e atender a suas solicita\u00e7\u00f5es, desenvolvimento de novos produtos e para fins de an\u00e1lise de dados e auditorias.<\/p>\n\n\n\n<p>4. Finalidades para o tratamento de seus dados pessoais.<\/p>\n\n\n\n<p>4.1. A partir do fornecimento de seus dados pessoais, voc\u00ea est\u00e1 de acordo e consente com os tratamentos de dados especificados nesta Pol\u00edtica, bem como para que:<\/p>\n\n\n\n<p>a) A IPFIBRA TELECOMUNICA\u00c7\u00d5ES \u2013 EIRELI possa utiliz\u00e1-los para entrar em contato com voc\u00ea;<\/p>\n\n\n\n<p>b) Publicidade de eventos, cursos, treinamentos e informa\u00e7\u00f5es \u00fateis da IPFIBRA TELECOMUNICA\u00c7\u00d5ES \u2013 EIRELI e parceiros;<\/p>\n\n\n\n<p>c) Uma vez sendo de interesse a participa\u00e7\u00e3o em algum evento, treinamento ou curso, a utiliza\u00e7\u00e3o desses dados, com o objetivo de dar agilidade aos procedimentos inerentes \u00e0 presta\u00e7\u00e3o de servi\u00e7o da IPFIBRA TELECOMUNICA\u00c7\u00d5ES \u2013 EIRELI, execu\u00e7\u00e3o de contrato e eventual emiss\u00e3o de documentos;<\/p>\n\n\n\n<p>d) Atendimento de interesses leg\u00edtimos pela IPFIBRA TELECOMUNICA\u00c7\u00d5ES \u2013 EIRELI, uma vez que o pr\u00f3prio cliente \u00e9 quem solicita e fornece os dados e lhe s\u00e3o apresentados os benef\u00edcios;<\/p>\n\n\n\n<p>e) A IPFIBRA TELECOMUNICA\u00c7\u00d5ES \u2013 EIRELI se resguarda no direito de, se necess\u00e1rio ou lhe for exigido fiscal, judicial ou administrativamente por autoridades governamentais diversas, o fornecimento de seus dados para cumprimento legal e\/ou processual;<\/p>\n\n\n\n<p>f) Com o objetivo de proteger os seus dados pessoais, a IPFIBRA TELECOMUNICA\u00c7\u00d5ES \u2013 EIRELI adota as melhores pr\u00e1ticas de mercado para que eles n\u00e3o sejam acessados indevidamente ou, de alguma forma, violados.<\/p>\n\n\n\n<p>5. Como s\u00e3o tratados os seus dados<\/p>\n\n\n\n<p>5.1. A IPFIBRA<br>TELECOMUNICA\u00c7\u00d5ES \u2013 EIRELI adota as melhores pr\u00e1ticas de Seguran\u00e7a da Informa\u00e7\u00e3o, priorizando a seguran\u00e7a e prote\u00e7\u00e3o dos dados pessoais de seus usu\u00e1rios e\/ou associados.<\/p>\n\n\n\n<p>5.2. \u00c9 priorizada a Anonimiza\u00e7\u00e3o dos dados pessoais, em casos espec\u00edficos de an\u00e1lise de dados, e a ado\u00e7\u00e3o de medidas t\u00e9cnicas como preven\u00e7\u00e3o \u00e0 viola\u00e7\u00e3o da privacidade dos dados pessoais.<\/p>\n\n\n\n<p>5.3. Caso seja nos seja fornecido informa\u00e7\u00f5es de pagamento, como dados de cart\u00e3o de cr\u00e9dito, essas ser\u00e3o transferidas a empresa contratada pela IPFIBRA TELECOMUNICA\u00c7\u00d5ES \u2013 EIRELI, com medidas de criptografia, e n\u00e3o ser\u00e3o armazenados no banco de dados da IPFIBRA TELECOMUNICA\u00c7\u00d5ES \u2013 EIRELI.<\/p>\n\n\n\n<p>6. Como s\u00e3o exercidos os seus direitos, como titular de dados pessoais<\/p>\n\n\n\n<p>6.1. Em conformidade ao artigo 18 da LGPD, os quais tamb\u00e9m s\u00e3o titulares de dados pessoais, s\u00e3o preferencialmente atendidos de forma automatizada. Isso \u00e9, os direitos podem ser exercidos diretamente pelo titular, por meio do website da IPFIBRA TELECOMUNICA\u00c7\u00d5ES \u2013 EIRELI, para agilidade no exerc\u00edcio dos direitos.<\/p>\n\n\n\n<p>a) Como regra, a IPFIBRA TELECOMUNICA\u00c7\u00d5ES -EIRELI coleta e trata o m\u00ednimo de dados pessoais, sendo aqueles os necess\u00e1rios \u00e0 v\u00e1lida identifica\u00e7\u00e3o do titular.<\/p>\n\n\n\n<p>b) A portabilidade dos dados a outro fornecedor de servi\u00e7o ou produto, pode ser solicitado mediante contato pelo e-mail lgpd@ IPFIBRA TELECOMUNICA\u00c7\u00d5ES \u2013 EIRELI.com.br<\/p>\n\n\n\n<p>c) A elimina\u00e7\u00e3o dos dados pessoais pode ser solicitada mediante contato pelo e-mail lgpd@ IPFIBRA TELECOMUNICA\u00c7\u00d5ES-EIRELI.com.br<\/p>\n\n\n\n<p>d) Ap\u00f3s a requisi\u00e7\u00e3o de exclus\u00e3o, esta \u00e9 encaminhada \u00e0 um conselho espec\u00edfico da IPFIBRA TELECOMUNICA\u00c7\u00d5ES \u2013 EIRELI para an\u00e1lise e execu\u00e7\u00e3o em at\u00e9 10 (dez) dias, de forma definitiva, exceto por algumas das hip\u00f3teses previstas no artigo 16 da LGPD ou pelo motivo de atraso ou inadimpl\u00eancia sendo cab\u00edvel pela IPFIBRA TELECOMUNICA\u00c7\u00d5ES \u2013 EIRELI eventual medida judicial para tanto;<\/p>\n\n\n\n<p>e) A IPFIBRA TELECOMUNICA\u00c7\u00d5ES \u2013 EIRELI realiza o uso compartilhado de dados pessoais com empresa provedora de servi\u00e7o de hospedagem da plataforma (data center), prestadores de servi\u00e7o para a manuten\u00e7\u00e3o da plataforma, prestadores de servi\u00e7o de hospedagem de e-mail, plataformas de gerenciamento de eventos, bem como prestadores de servi\u00e7o contratados eventualmente para cursos e eventos.<\/p>\n\n\n\n<p>f) Caso o associado se oponha ao consentimento no tratamento de seus dados pessoais, fica este impedido, por quest\u00f5es t\u00e9cnicas ou de execu\u00e7\u00e3o de contrato, em utilizar a \u00e1rea de contato da IPFIBRA TELECOMUNICA\u00c7\u00d5ES \u2013 EIRELI.<\/p>\n\n\n\n<p>g) A revoga\u00e7\u00e3o do consentimento dar-se-\u00e1 pela seguinte em duas hip\u00f3teses: Para proibi\u00e7\u00e3o de contato por e-mail e ou telefone.<\/p>\n\n\n\n<p>7. Pol\u00edtica de Seguran\u00e7a da Informa\u00e7\u00e3o<\/p>\n\n\n\n<p>7.1. A IPFIBRA TELECOMUNICA\u00c7\u00d5ES \u2013 EIRELI adota todas as medidas adequadas de seguran\u00e7a t\u00e9cnica e organizacional para proteger os seus dados, em conformidade com os melhores padr\u00f5es do segmento. Deve-se, entretanto, ter plena ci\u00eancia de que nenhum sistema de seguran\u00e7a oferece total garantia, de forma que a IPFIBRA TELECOMUNICA\u00c7\u00d5ES \u2013 EIRELI n\u00e3o se responsabiliza por vazamento de dados, quando comprovado que ela tenha se dado de forma criminosa, mediante o emprego de recursos tecnol\u00f3gicos superiores aos padr\u00f5es usualmente aceit\u00e1veis pelo segmento e que s\u00e3o utilizados pela IPFIBRA TELECOMUNICA\u00c7\u00d5ES -EIRELI.<\/p>\n\n\n\n<p>8. Propriedade Intelectual<\/p>\n\n\n\n<p>8.1. Todo o conte\u00fado encontrado no formul\u00e1rio<br>(textos, imagens, \u00e1udio, softwares, tecnologia, logotipos, slogans, marcas, express\u00f5es de propaganda, dom\u00ednios, nomes comerciais, obras intelectuais, etc.), s\u00e3o de exclusiva propriedade da IPFIBRA TELECOMUNICA\u00c7\u00d5ES \u2013 EIRELI, que det\u00e9m todos os direitos autorais, licenciamentos e direitos de propriedade, marca ou patente a eles relativos.<\/p>\n\n\n\n<p>8.2. Qualquer viola\u00e7\u00e3o dos direitos de propriedade resultar\u00e1 na responsabilidade direta e pessoal do usu\u00e1rio respons\u00e1vel, que responder\u00e1 pelos atos praticados nos termos da lei, com a aplica\u00e7\u00e3o das san\u00e7\u00f5es cab\u00edveis nas \u00e1reas c\u00edvel e criminal bem como a apura\u00e7\u00e3o de perdas e danos.<\/p>\n\n\n\n<p>8.3. O usu\u00e1rio se compromete a n\u00e3o reproduzir, duplicar, copiar ou explorar os materiais disponibilizados (a t\u00edtulo gratuito) no Site, para quaisquer fins n\u00e3o expressamente autorizados no presente instrumento, sem autoriza\u00e7\u00e3o da IPFIBRA TELECOMUNICA\u00c7\u00d5ES \u2013 EIRELI, por escrito.<\/p>\n\n\n\n<p>8.4. Ao aceitar estes \u201cTermos de Uso e Pol\u00edtica de Privacidade\u201d o usu\u00e1rio se compromete a n\u00e3o questionar, disputar ou se opor ou iniciar processo administrativo ou judicial contra quaisquer marcas ou nomes de dom\u00ednio de titularidade da IPFIBRA TELECOMUNICA\u00c7\u00d5ES \u2013 EIRELI, e a n\u00e3o depositar ou tentar obter registro de marca ou nome de dom\u00ednio similar ou que cause confus\u00e3o com aqueles utilizados pela IPFIBRA TELECOMUNICA\u00c7\u00d5ES -EIRELI.<\/p>\n\n\n\n<p>9. Considerando<\/p>\n\n\n\n<p>9.1. Esta Pol\u00edtica de Privacidade pode ser alterada a qualquer momento e com efeito imediato. Sendo assim, solicitamos que a revise com frequ\u00eancia para esclarecimentos e informa\u00e7\u00f5es atualizadas.<\/p>\n\n\n\n<p>9.2. A IPFIBRA TELECOMUNICA\u00c7\u00d5ES \u2013 EIRELI se reserva o direito de alterar os \u201cTermos de Uso e Pol\u00edtica de Privacidade\u201d a qualquer tempo, sem necessidade de aviso ou aceita\u00e7\u00e3o pr\u00e9via. Recomendamos a verifica\u00e7\u00e3o regular destes \u201cTermos de Uso e Pol\u00edtica de Privacidade\u201d, em rela\u00e7\u00e3o ao qual quaisquer d\u00favidas poder\u00e3o ser solucionadas por meio do e-mail: lgpd@ IPFIBRA TELECOMUNICA\u00c7\u00d5ES -EIRELI.com.br<\/p>\n\n\n\n<p>10. Encarregado pelo Tratamento de Dados Pessoais<\/p>\n\n\n\n<p>10.1. O DPO (Data Protection Officer), \u00e9 o profissional respons\u00e1vel por verificar e resguardar os dados pessoais de terceiros, conforme a LGPD, sendo que no presente caso, o respons\u00e1vel \u00e9 a Sra. Tamara Sousa \u2013 lgpd@ IPFIBRA TELECOMUNICA\u00c7\u00d5ES \u2013 EIRELI.com.br<\/p>\n\n\n\n<p>11. Disposi\u00e7\u00f5es Gerais<\/p>\n\n\n\n<p>11.1. O n\u00e3o exerc\u00edcio ou o atraso no exerc\u00edcio, pelas partes de qualquer direito constante desses \u201cTermos de Uso e Pol\u00edtica de Privacidade\u201d n\u00e3o dever\u00e1 ser interpretado como uma ren\u00fancia, desist\u00eancia ou nova\u00e7\u00e3o. A proibi\u00e7\u00e3o, invalidade ou inexequibilidade de qualquer disposi\u00e7\u00e3o destes \u201cTermos de Uso e Pol\u00edtica de Privacidade\u201d n\u00e3o invalidar\u00e1 ou afetar\u00e1 o mesmo como um todo, devendo permanecer em vigor todas as demais disposi\u00e7\u00f5es que n\u00e3o tenham sido afetadas pela proibi\u00e7\u00e3o, invalidade ou inexequibilidade da cl\u00e1usula inoperante.<\/p>\n\n\n\n<p>11.2. O usu\u00e1rio n\u00e3o poder\u00e1 ceder ou transferir a qualquer terceiro, total ou parcialmente, seus direitos e obriga\u00e7\u00f5es decorrentes destes \u201cTermos de Uso e Pol\u00edtica de Privacidade\u201d.<\/p>\n\n\n\n<p>11.3. Fica eleito o Foro Central da Matriz em Bras\u00edlia \u2013 Distrito Federal, como o \u00fanico competente para dirimir quaisquer controv\u00e9rsias decorrentes deste instrumento, independentemente de qualquer outro por mais privilegiado que seja ou venha a ser.<\/p>\n\n\n\n<p>11.4. Quaisquer d\u00favidas, cr\u00edticas, sugest\u00f5es e\/ou reclama\u00e7\u00f5es poder\u00e3o ser feitas: +55 61 3028-6010.<\/p>\n","protected":false},"excerpt":{"rendered":"<p>LEIA ATENTAMENTE O TERMO A SEGUIR: Termos de Uso e Pol\u00edtica de Privacidade. A IPFIBRA TELECOMUNICA\u00c7\u00d5ES \u2013 EIRELI assente com a relev\u00e2ncia e a necessidade de resguardar a privacidade dos dados pessoais e, presando pela defer\u00eancia \u00e0 Lei Geral de Prote\u00e7\u00e3o de Dados Pessoais \u2013 LGPD, a empresa institui esta Pol\u00edtica de Privacidade com o [&hellip;]<\/p>\n","protected":false},"author":3,"featured_media":0,"parent":0,"menu_order":0,"comment_status":"closed","ping_status":"open","template":"","meta":{"inline_featured_image":false},"_links":{"self":[{"href":"https:\/\/ipfibra.com.br\/site\/wp-json\/wp\/v2\/pages\/3"}],"collection":[{"href":"https:\/\/ipfibra.com.br\/site\/wp-json\/wp\/v2\/pages"}],"about":[{"href":"https:\/\/ipfibra.com.br\/site\/wp-json\/wp\/v2\/types\/page"}],"author":[{"embeddable":true,"href":"https:\/\/ipfibra.com.br\/site\/wp-json\/wp\/v2\/users\/3"}],"replies":[{"embeddable":true,"href":"https:\/\/ipfibra.com.br\/site\/wp-json\/wp\/v2\/comments?post=3"}],"version-history":[{"count":1,"href":"https:\/\/ipfibra.com.br\/site\/wp-json\/wp\/v2\/pages\/3\/revisions"}],"predecessor-version":[{"id":464,"href":"https:\/\/ipfibra.com.br\/site\/wp-json\/wp\/v2\/pages\/3\/revisions\/464"}],"wp:attachment":[{"href":"https:\/\/ipfibra.com.br\/site\/wp-json\/wp\/v2\/media?parent=3"}],"curies":[{"name":"wp","href":"https:\/\/api.w.org\/{rel}","templated":true}]}}